{"id":4,"date":"2016-10-22T19:30:51","date_gmt":"2016-10-22T17:30:51","guid":{"rendered":"http:\/\/www.123lmnp.fr\/?page_id=4"},"modified":"2016-10-25T21:49:03","modified_gmt":"2016-10-25T19:49:03","slug":"simulation-loi-lmnp-reduction-dimpots","status":"publish","type":"page","link":"https:\/\/www.123lmnp.fr\/","title":{"rendered":"Simulation loi LMNP : r\u00e9duction d&rsquo;imp\u00f4ts"},"content":{"rendered":"<p>La loi LMNP (censi-bouvard) vous permet de profiter de r\u00e9duction d\u2019imp\u00f4ts sur vos investissements immobiliers. Vous en conna\u00eetrez plus sur ses avantages en utilisant notre simulateur. Ce dernier fera le calcul de vos gains et r\u00e9ductions d\u2019imp\u00f4ts. Il consid\u00e8rera les taux pr\u00e9vus par la nouvelle r\u00e8glementation 2017, la dur\u00e9e de votre investissement et les normes thermiques appropri\u00e9es. Il tiendra \u00e9galement compte de tous les \u00e9l\u00e9ments en rapport avec le cr\u00e9dit que vous pensez contracter. L\u2019utilisation de cet outil est facile et gratuite.<\/p>\n<p><strong>Des r\u00e9sultats pr\u00e9cis en quelques clics<\/strong><\/p>\n<p>Plusieurs param\u00e8tres seront pris en compte lors de votre simulation LMNP (lou\u00e9 meubl\u00e9). Tel est le cas du loyer, de la dur\u00e9e d\u2019engagement de location et le taux de r\u00e9duction. Le comparateur vous fournira des r\u00e9sultats pr\u00e9cis en ce qui concerne la r\u00e9duction fiscale li\u00e9e \u00e0 votre investissement et la mensualit\u00e9 de votre cr\u00e9dit. Il vous fera \u00e9galement conna\u00eetre le montant du placement indispensable pour votre investissement et les plus-values que vous r\u00e9aliserez apr\u00e8s une revente.<br \/>\n<a href=\"https:\/\/www.123lmnp.fr\/index.php\/simulation-lmnp\/?utm_source=123call_lmnp\"><img loading=\"lazy\" class=\"aligncenter\" src=\"https:\/\/www.123lmnp.fr\/wp-content\/uploads\/2016\/10\/ban-simu2-300x150.jpg\" alt=\"\" width=\"370\" height=\"185\" \/><\/a><\/p>\n<p>Quelques exemples de simulation Loi LMNP<\/p>\n<p>Vous envisagez de vous procurer un bien de 125 000 euros se trouvant en Zone A et projetez de le louer pour 6 ans (12 %) ? Le simulateur vous fournira un gain fiscal de 36 000 euros. Vous ferez donc 6000 euros d\u2019\u00e9conomie sur vos imp\u00f4ts.<\/p>\n<p>Si le bien se trouve en zone A bis et que vous voulez le louer durant 9 ans (18 %) avant de le revendre, vous \u00e9conomiserez 54 000 euros. Vous encaisserez donc 6000 euros par an.<\/p>\n<p><img loading=\"lazy\" class=\" wp-image-14 aligncenter\" src=\"https:\/\/www.123lmnp.fr\/wp-content\/uploads\/2016\/10\/zonage-300x166.jpg\" alt=\"zonage\" width=\"502\" height=\"278\" srcset=\"https:\/\/www.123lmnp.fr\/wp-content\/uploads\/2016\/10\/zonage-300x166.jpg 300w, https:\/\/www.123lmnp.fr\/wp-content\/uploads\/2016\/10\/zonage.jpg 658w\" sizes=\"(max-width: 502px) 100vw, 502px\" \/><\/p>\n<p>La dur\u00e9e que vous vous souhaitez pour un bien du m\u00eame prix se trouvant en zone B1 est-elle de 12 ans (21 %) ? Le simulateur vous donnera un gain fiscal de 63 000 euros. Ce qui repr\u00e9sente une \u00e9conomie annuelle de 6000 euros \u00e9galement.<\/p>\n<p>Motiv\u00e9s par des avantages fiscaux et des taux d\u2019int\u00e9r\u00eat bas, les placements dans l\u2019immobilier ont toujours attir\u00e9 les investisseurs. Que l\u2019on soit primo ou secundo acc\u00e9dant, les avantages \u00e0 investir dans la pierre restent nombreux et s\u2019inscrivent dans la valorisation globale d\u2019un patrimoine. Placement rentable, s\u00fbr et fiscalement int\u00e9ressant, l\u2019acquisition d\u2019un bien immobilier neuf permet de multiples op\u00e9rations. Sur le long terme, ce placement reste une solide valeur refuge qui r\u00e9siste \u00e0 bien des crises financi\u00e8res.<\/p>\n<p>Les gouvernements successifs ont mis en place des dispositifs pour inciter \u00e0 investir dans le neuf. Ces mesures r\u00e9pondent d\u2019une part \u00e0 une demande croissante de logements, et d\u2019autre part \u00e0 un besoin d\u2019investissement des propri\u00e9taires. On estime qu\u2019environ 60% des logements neufs sont acquis par des investisseurs.<\/p>\n<p>L\u2019acquisition d\u2019un logement neuf offre aux jeunes actifs l\u2019opportunit\u00e9 de se constituer un capital de d\u00e9part et devenir propri\u00e9taires plus t\u00f4t. Pour favoriser cette accession \u00e0 la propri\u00e9t\u00e9, le pr\u00eat \u00e0 taux z\u00e9ro destin\u00e9 aux primo-acc\u00e9dants, permet de se constituer un premier capital. En mettant leur bien en location, les loyers encaiss\u00e9s rembourseront les \u00e9ch\u00e9ances de cr\u00e9dit. Quelques ann\u00e9es plus tard, il est alors possible de revendre son bien et de d\u00e9gager un capital de d\u00e9part, n\u00e9cessaire \u00e0 l\u2019achat d\u2019une r\u00e9sidence principale.<\/p>\n<p>Si la revente n\u2019est pas envisag\u00e9e, le propri\u00e9taire continuera \u00e0 percevoir les loyers, sur lesquels il b\u00e9n\u00e9ficiera \u00e0 certaines conditions d\u2019un abattement de 30%. Une fois l\u2019emprunt rembours\u00e9, d\u2019autres projets pourront \u00eatre envisag\u00e9s gr\u00e2ce \u00e0 ces loyers per\u00e7us.<\/p>\n<p>Pour un public d\u2019\u00e2ge plus avanc\u00e9, le placement dans le neuf est aussi source d\u2019int\u00e9r\u00eat. La d\u00e9fiscalisation aide \u00e0 la constitution d\u2019un patrimoine en vue de la retraite ou compl\u00e8te la pension par l\u2019apport des revenus locatifs. D\u2019autre part, il est important de noter que les montants d\u00e9gag\u00e9s par la location d\u2019un bien immobilier sont int\u00e9gralement transmissibles au dernier des vivants dans le cadre d\u2019une succession, ce qui n\u2019est pas le cas avec une rente \u00e9pargne par exemple.<\/p>\n","protected":false},"excerpt":{"rendered":"<p>La loi LMNP (censi-bouvard) vous permet de profiter de r\u00e9duction d\u2019imp\u00f4ts sur vos investissements immobiliers. Vous en conna\u00eetrez plus sur ses avantages en utilisant notre simulateur. Ce dernier fera le calcul de vos gains et r\u00e9ductions<a class=\"moretag\" href=\"https:\/\/www.123lmnp.fr\/\">Read More&#8230;<\/a><\/p>\n","protected":false},"author":2,"featured_media":0,"parent":0,"menu_order":0,"comment_status":"closed","ping_status":"closed","template":"","meta":[],"_links":{"self":[{"href":"https:\/\/www.123lmnp.fr\/index.php\/wp-json\/wp\/v2\/pages\/4"}],"collection":[{"href":"https:\/\/www.123lmnp.fr\/index.php\/wp-json\/wp\/v2\/pages"}],"about":[{"href":"https:\/\/www.123lmnp.fr\/index.php\/wp-json\/wp\/v2\/types\/page"}],"author":[{"embeddable":true,"href":"https:\/\/www.123lmnp.fr\/index.php\/wp-json\/wp\/v2\/users\/2"}],"replies":[{"embeddable":true,"href":"https:\/\/www.123lmnp.fr\/index.php\/wp-json\/wp\/v2\/comments?post=4"}],"version-history":[{"count":8,"href":"https:\/\/www.123lmnp.fr\/index.php\/wp-json\/wp\/v2\/pages\/4\/revisions"}],"predecessor-version":[{"id":42,"href":"https:\/\/www.123lmnp.fr\/index.php\/wp-json\/wp\/v2\/pages\/4\/revisions\/42"}],"wp:attachment":[{"href":"https:\/\/www.123lmnp.fr\/index.php\/wp-json\/wp\/v2\/media?parent=4"}],"curies":[{"name":"wp","href":"https:\/\/api.w.org\/{rel}","templated":true}]}}